81 = -2*j + 325. Let b = 69 - 66. Suppose -5*u = b*r - j, 4*r = 2*u - 1 + 547. What is the tens digit of r?
3
Let x = -147 - -57. Let m = 224 + x. What is the tens digit of m?
3
Let x(f) = 3*f**3 + 22*f**2 - 18*f + 177. What is the tens digit of x(16)?
0
What is the thousands digit of 2134062/288 - 8/(-128)?
7
Suppose 393*w = 395*w + 4*m + 22, 3*m = 3*w - 39. Let q(v) be the third derivative of v**6/120 + v**5/60 - v**4/3 - v**2. What is the hundreds digit of q(w)?
1
Let g(q) = -11*q**3 - q**2 - 2*q - 1. Let y be g(-3). Let l be 34105/209 + 2/(-11). Let f = y - l. What is the tens digit of f?
3
Let k = -4474 - -19908. What is the tens digit of k?
3
Suppose -2*v - i + 6990 = 0, -9268 = -3*v + i + 1232. What is the units digit of v?
8
Suppose 4*h - 2*k = 6*h - 2076, 2*k - 1037 = -h. Suppose -11137 = 1032*y - h*y. What is the units digit of y?
1
Let i = -71 - -78. Let y = i + 2. Suppose -y*h + 150 + 21 = 0. What is the tens digit of h?
1
Let v = 9694 + -3436. What is the tens digit of 2*3/(-21)*v/(-12)?
4
Let g(m) = 3*m**3 + 3*m**2 - 2*m - 3. Let z be g(4). Let p = z + -216. What is the units digit of p?
3
Let a(m) = -m**3 + 3*m**2 + 8*m - 10. Let h(t) = -3*t - 14. Let y be h(-6). Let p be a(y). What is the units digit of (1 + 0)*(p + 4 + -2)?
8
Let w(d) = 75*d**2 - 122*d + 1230. What is the hundreds digit of w(10)?
5
Let j be (-1)/(-2 + 7/(-8)*-2). Suppose j*q + 70 = p - 4, 4*q = 16. What is the hundreds digit of (-3*12/p)/((-1)/360)?
1
Let q be 4/5 + ((-441)/45 - -9). Suppose q = 2*v - 675 + 163. What is the tens digit of v?
5
Suppose w = -p - 3*w + 5895, w + 11745 = 2*p. What is the hundreds digit of p?
8
Let u = -363 - -365. Suppose 1062 = u*t + 44*v - 48*v, 5*v = -3*t + 1604. What is the hundreds digit of t?
5
Let d(z) = 2*z - 7. Let b be d(5). Let t = 10 + -5. Suppose b*q = 4*f + 160, -t*q - 2*f + 315 = f. What is the tens digit of q?
6
Let i = 332 + -340. Let t(x) = 6*x**2 - 24*x + 12. What is the tens digit of t(i)?
8
Let r(t) = -t**3 + t**2 + 6*t + 1246. Let k be r(0). Let o = k - 833. What is the hundreds digit of o?
4
Let a(f) = -18*f - 125. Let r be a(-5). Let k(w) = -2*w**3 - 70*w**2 - 7*w - 65. What is the units digit of k(r)?
0
Let w(h) = 2*h - 9. Let q be w(7). What is the units digit of -16*-32*q/(8 - 3)?
2
Let q be -3*(-9)/((-54)/(-4)). Let p be 0 + 0 + -7 - q. Let t(m) = -3*m + 30. What is the tens digit of t(p)?
5
Let m(v) = 386*v - 636. What is the tens digit of m(12)?
9
Suppose 3*r + 5461 = 2*k, -k - 9106 = -3*r + 8*r. Let a = r - -3457. What is the thousands digit of a?
1
Let p = -636 + 130. Let h = -409 - p. What is the units digit of h?
7
Suppose -2*b = 4*m + 2, -m - 7 = 4*b + 11. Let g be m/(4/(-160)*-2). Suppose -p + 59 = -x - g, 0 = -5*x - 25. What is the tens digit of p?
9
Let f = -4084 + 4203. What is the tens digit of f?
1
Suppose -6 = 4*z - 26. Suppose 3*o = -z*y + 273, 2*y - 40 = 3*o + 86. What is the tens digit of y?
5
Let n(s) = 8*s - 61. Let f(o) = -18*o + 184. Let h(w) = 2*f(w) + 7*n(w). What is the units digit of h(23)?
1
Suppose 40 = 7*w + 5. Suppose 2*c = 4*c - w*b - 486, -5*b = 0. What is the units digit of c?
3
Let j(p) = p - 10. Let g be j(10). Suppose g = -4*x - 20, x - 6*x - 960 = -5*f. Let d = -110 + f. What is the tens digit of d?
7
Suppose 131*h - 129*h - 9132 = 0. What is the thousands digit of h?
4
Let g be -1*(4 - 0 - -849). Let d = -508 - g. What is the hundreds digit of d?
3
What is the tens digit of (-26 - 1)*(-36771)/103?
3
Suppose 108*f + 1462433 = 167*f. What is the ten thousands digit of f?
2
Let d(w) = -w + 33. Suppose -284 = 3*u - 7*u. Suppose 2*l + 5*g - 56 = -l, -4*l + u = 3*g. What is the tens digit of d(l)?
1
Suppose 0 = -4*l + 3 + 5. Suppose -y + 4*j - 19 = 0, 4*y - 4*j + l*j = -20. What is the hundreds digit of 254/2 - 3/y*-3?
1
Let z(c) be the second derivative of c**3/6 + c**2 + c. Suppose 4*d + 1305 = 1329. What is the units digit of z(d)?
8
Let d(x) = 6*x**2 + 26*x - 142. What is the hundreds digit of d(-22)?
1
Let l(q) = 2*q**3 - 10*q**2 + 6*q + 15. Let o = -7 - -17. Let p(t) = -t**3 + 10*t**2 + 6. Let h be p(o). What is the units digit of l(h)?
3
Let h(u) = 20*u**2 - 19*u + 71. What is the units digit of h(8)?
9
Let s(n) = 80*n**2 - 3*n + 3. Let p be s(2). Let g = -6999 - -6802. Let x = p + g. What is the units digit of x?
0
Let q(x) = 13*x + 71. Let h be q(-5). What is the units digit of ((-15)/(-10))/(h/628) - -2?
9
Let m = -8240 - -12310. What is the tens digit of m?
7
Let r(o) be the second derivative of -23*o + 0 - 26/3*o**3 - 1/2*o**2. What is the hundreds digit of r(-2)?
1
Let q(t) = -2*t - 18. Let r be q(-5). Let p(g) = 2*g**2 - 11*g - 4. What is the units digit of p(r)?
2
What is the units digit of (13 + (-33976)/93)*(0 - -3)*-1?
7
Suppose -16*p - 264 = -22*p. Suppose 48*c = p*c + 2084. What is the tens digit of c?
2
Suppose -x + 3*x - 10737 = 5*k, 2*k - 21414 = -4*x. Suppose -1952 = -18*d + x. What is the tens digit of d?
0
Suppose b - 36 = -2*h, -4*h + 5*b + 69 = 11. Let s = h - 16. What is the units digit of (s/(-5) - 4)*-5?
1
Let d = -564 - -1293. Let a = d - 237. What is the hundreds digit of a?
4
Let n(a) be the third derivative of 1/60*a**5 + 1/2*a**4 + 0 + 0*a + 17*a**2 - 1/2*a**3. What is the tens digit of n(-16)?
6
Let a = 51540 - 4006. What is the thousands digit of a?
7
Let j = -3 - -11. Suppose -s = -4*m + j, 6*s = 7*s. Suppose -3*z = -5*n + 187 + 182, -146 = -2*n + m*z. What is the tens digit of n?
7
Let p(w) = 45*w**2 + 3*w - 57. What is the thousands digit of p(11)?
5
Let n be (-2)/(-8) - (4 - (-9772)/(-16)). Let a = n - 382. What is the hundreds digit of a?
2
Let u = 27981 - 2856. What is the thousands digit of u?
5
Let y be 10 + (6 - (-60)/(-6)). Suppose -5*m = 5*w - y*w + 668, -1325 = -2*w - m. What is the tens digit of w?
6
Suppose -63*j + 60*j + 114 = 0. What is the hundreds digit of j/(-247) - (9561/(-39) + 1)?
2
Let u(g) = -4*g - 29. Let m(i) = -52*i**2 + i + 3. Let x be m(2). Let b be (-4)/(-6) + x/21. What is the units digit of u(b)?
7
Let m(n) = 15*n**2 - 6*n - 5. Let g = -66 + 62. What is the hundreds digit of m(g)?
2
Suppose 5*b = 2*m - 41 + 8, 51 = 5*m - 2*b. Suppose -m = -2*g - 1. Suppose -5*z = 2*j - 342, -5*z - 1 = -g*j - 367. What is the tens digit of z?
7
Suppose 3*k = j + 3*j + 59, -5*k = -4*j - 101. Suppose 0 = -10*c + k*c - 671. What is the tens digit of c?
6
Let s(o) = 2*o**3 - 108*o**2 - 11*o + 129. Let p be s(54). What is the hundreds digit of (-405759)/p + (-4)/(-10)?
8
Let k(a) = -a**3 + 15*a**2 - 14*a + 2. Let p be k(14). Let t be p*(-4)/8 - -20. Suppose 3*j + t - 4 = 0, 3*f = -4*j + 202. What is the tens digit of f?
7
Let s(x) be the third derivative of 17*x**5/10 - 5*x**4/12 + 2*x**3/3 - x**2 + 64*x. What is the tens digit of s(2)?
9
Suppose 3*u = -5*z + 141, 4*z = -3*u + 102 + 36. Suppose -u = 4*o - 11*o. Suppose -3*n - 5*d = -345, -8*d + o = -6*d. What is the hundreds digit of n?
1
Suppose 3*g + 0 = 9. Suppose v + 12 = 4*d, g*d - 5*d - 5*v + 6 = 0. Suppose -4*a - 114 - 78 = -2*j, d*a = 5*j - 515. What is the hundreds digit of j?
1
Let f = 117618 + -66066. What is the ten thousands digit of f?
5
Let d be (-85)/((-10)/(-50) - (-12)/(-10)). What is the units digit of 1*(d - (-8 + 11))?
2
Let s = 46 - 41. Suppose 784 + 866 = s*j. What is the tens digit of j?
3
Suppose 51*r = -30*r + 247696 + 871643. What is the thousands digit of r?
3
Suppose -79*s = -75*s + 2*g - 26008, -26020 = -4*s - 5*g. What is the thousands digit of s?
6
Suppose 55447 = z - 4*l, 829*l - 221932 = -4*z + 827*l. What is the units digit of z?
9
Suppose -180067 = -55*t + 10563. What is the tens digit of t?
6
Let d = 26729 + -10292. What is the tens digit of d?
3
What is the hundreds digit of (-1841 + 4)/(-4*(-8)/(-96))?
5
What is the units digit of 3 + 13/((-325)/(-803925))?
0
Let o(l) = 2316*l**2 - 14*l - 13. Let q be o(-1). Suppose 8*t = -317 + q. What is the hundreds digit of t?
2
Let f = -73 + 98. Suppose -f*a = -16*a - 3222. What is the tens digit of a?
5
What is the units digit of (30 + -3)*(-3545)/(-15)?
1
Let t(g) = -10*g + 3. Let o be t(0). Suppose -o - 3 = 3*u. What is the units digit of (8 + 7)/(18/(-10) - u)?
5
Let b = 76 + -73. Suppose -y + 646 = -3*f, -248 = -y + f + 406. Suppose -y = -b*q - q - 2*i, -i + 493 = 3*q. What is the hundreds d